multiple of 98?
False
Does 59 divide 7316?
True
Is 6424 a multiple of 113?
False
Is 51 a factor of 2295?
True
Is 40 a factor of 24129?
False
Is 26064 a multiple of 36?
True
Does 5 divide 1345?
True
Is 30700 a multiple of 10?
True
Is 63855 a multiple of 43?
True
Is 1404 a multiple of 108?
True
Is 26 a factor of 15422?
False
Is 38 a factor of 247?
False
Does 75 divide 309?
False
Is 12618 a multiple of 3?
True
Is 105783 a multiple of 244?
False
Is 69768 a multiple of 48?
False
Is 14 a factor of 2730?
True
Is 480 a multiple of 8?
True
Is 96 a factor of 8128?
False
Is 15 a factor of 13095?
True
Does 7 divide 9338?
True
Is 441 a multiple of 49?
True
Is 35 a factor of 2730?
True
Is 24 a factor of 368?
False
Does 23 divide 10626?
True
Does 7 divide 1897?
True
Is 1156 a multiple of 11?
False
Is 9947 a multiple of 7?
True
Is 4339 a multiple of 18?
False
Is 12 a factor of 15120?
True
Does 59 divide 24829?
False
Does 12 divide 720?
True
Is 175 a factor of 11025?
True
Does 94 divide 14570?
True
Does 54 divide 11821?
False
Is 4 a factor of 1948?
True
Is 107 a factor of 24486?
False
Does 87 divide 1483?
False
Is 17 a factor of 2329?
True
Is 8 a factor of 24814?
False
Is 64 a factor of 1245?
False
Is 790 a multiple of 22?
False
Is 732 a multiple of 38?
False
Is 749 a multiple of 7?
True
Does 43 divide 22075?
False
Is 5772 a multiple of 39?
True
Is 35 a factor of 2345?
True
Does 40 divide 20383?
False
Is 7 a factor of 476?
True
Is 2782 a multiple of 26?
True
Is 56 a factor of 91108?
False
Does 5 divide 2120?
True
Is 7 a factor of 11396?
True
Does 3 divide 1509?
True
Is 44 a factor of 9021?
False
Is 405 a multiple of 27?
True
Is 34141 a multiple of 112?
False
Is 17 a factor of 952?
True
Does 13 divide 9126?
True
Does 94 divide 2386?
False
Is 12 a factor of 972?
True
Is 64604 a multiple of 103?
False
Is 17 a factor of 102?
True
Is 7 a factor of 71433?
False
Is 10 a factor of 697?
False
Is 9 a factor of 312?
False
Does 222 divide 12438?
False
Is 6016 a multiple of 64?
True
Is 1650 a multiple of 11?
True
Is 2580 a multiple of 4?
True
Is 52026 a multiple of 6?
True
Is 28 a factor of 44?
False
Is 47220 a multiple of 6?
True
Does 99 divide 1584?
True
Is 568 a multiple of 63?
False
Is 9840 a multiple of 14?
False
Does 85 divide 935?
True
Is 29 a factor of 2233?
True
Is 16 a factor of 50064?
True
Is 105968 a multiple of 37?
True
Is 55 a factor of 25025?
True
Is 204 a multiple of 34?
True
Is 13 a factor of 678?
False
Is 59 a factor of 1584?
False
Does 22 divide 1417?
False
Does 12 divide 2628?
True
Is 2 a factor of 8128?
True
Is 23874 a multiple of 46?
True
Is 3641 a multiple of 3?
False
Is 4 a factor of 12?
True
Does 18 divide 894?
False
Is 20 a factor of 45360?
True
Is 45 a factor of 2378?
False
Is 6 a factor of 12180?
True
Is 56 a multiple of 4?
True
Is 20020 a multiple of 6?
False
Is 6 a factor of 2406?
True
Does 13 divide 211?
False
Does 27 divide 70713?
True
Is 92 a factor of 2668?
True
Does 4 divide 9066?
False
Is 70 a factor of 2590?
True
Is 116172 a multiple of 21?
True
Does 53 divide 39126?
False
Is 17097 a multiple of 71?
False
Is 8260 a multiple of 43?
False
Is 12 a factor of 3828?
True
Is 34 a factor of 340?
True
Is 127 a multiple of 20?
False
Is 14 a factor of 238?
True
Is 13 a factor of 5928?
True
Is 4290 a multiple of 66?
True
Is 564 a multiple of 4?
True
Is 3184 a multiple of 3?
False
Is 12 a factor of 1344?
True
Is 4 a factor of 153?
False
Is 1494 a multiple of 9?
True
Does 9 divide 4221?
True
Is 10509 a multiple of 24?
False
Is 7014 a multiple of 167?
True
Is 10 a factor of 124910?
True
Does 12 divide 144?
True
Is 69 a factor of 51876?
False
Does 211 divide 95115?
False
Is 14 a factor of 3557?
False
Is 29 a factor of 9236?
False
Does 134 divide 10042?
False
Is 42 a factor of 15241?
False
Does 102 divide 10302?
True
Does 3 divide 222?
True
Is 44 a factor of 12497?
False
Is 42280 a multiple of 302?
True
Does 10 divide 829?
False
Is 1495 a multiple of 41?
False
Does 28 divide 1389?
False
Does 3 divide 1127?
False
Is 7500 a multiple of 125?
True
Is 895 a multiple of 49?
False
Is 72 a factor of 12168?
True
Is 324 a multiple of 18?
True
Is 3255 a multiple of 21?
True
Is 9580 a multiple of 10?
True
Is 7219 a multiple of 31?
False
Is 12096 a multiple of 144?
True
Is 6 a factor of 9707?
False
Does 14 divide 28?
True
Is 1077 a multiple of 24?
False
Is 38 a factor of 66279?
False
Does 10 divide 75914?
False
Does 122 divide 51606?
True
Does 3 divide 746?
False
Does 26 divide 292?
False
Does 29 divide 39347?
False
Is 28 a factor of 280?
True
Is 28 a factor of 13888?
True
Is 4029 a multiple of 18?
False
Is 8669 a multiple of 29?
False
Is 4 a factor of 492?
True
Does 2 divide 25?
False
Does 2 divide 9267?
False
Is 359 a multiple of 9?
False
Does 9 divide 3240?
True
Is 11 a factor of 969?
False
Is 317 even?
False
Is 46 a factor of 39085?
False
Does 9 divide 15435?
True
Is 9781 a multiple of 48?
False
Does 51 divide 299?
False
Does 29 divide 2898?
False
Is 243 a multiple of 21?
False
Is 25 a factor of 375?
True
Does 18 divide 324?
True
Does 13 divide 237?
False
Is 36 a factor of 7920?
True
Is 87 even?
False
Is 14 a factor of 168?
True
Does 25 divide 594?
False
Is 58 a factor of 3459?
False
Does 49 divide 7350?
True
Is 2433 a multiple of 6?
False
Is 110 a factor of 16845?
False
Is 1311 a multiple of 11?
False
Is 56 a factor of 69440?
True
Is 57960 a multiple of 15?
True
Is 60 a multiple of 12?
True
Does 7 divide 9676?
False
Is 1035 a multiple of 116?
False
Is 1521 a multiple of 117?
True
Does 66 divide 1143?
False
Is 747 a multiple of 50?
False
Does 45 divide 3915?
True
Is 103 a factor of 1648?
True
Is 27 a factor of 907?
False
Is 34 a factor of 2114?
False
Is 37 a factor of 53650?
True
Is 195 a multiple of 15?
True
Is 24400 a multiple of 122?
True
Is 74 a factor of 1568?
False
Is 1566 a multiple of 58?
True
Is 16 a factor of 720?
True
Does 17 divide 20649?
False
Is 30 a factor of 3461?
False
Is 2361 a multiple of 6?
False
Is 38721 a multiple of 48?
False
Does 3 divide 57?
True
Is 5840 a multiple of 4?
True
Does 11 divide 3278?
True
Does 11 divide 14443?
True
Is 229 a multiple of 4?
False
Is 2045 a multiple of 91?
False
Is 16 a factor of 1024?
True
Is 28 a factor of 23573?
False
Does 4 divide 1756?
True
Does 5 divide 4696?
False
Does 40 divide 493?
False
Is 49400 a multiple of 13?
True
Is 305 a multiple of 61?
True
Does 3 divide 5230?
False
Is 18 a factor of 18337?
False
Is 6 a factor of 374?
False
Is 5 a factor of 1204?
False
Is 634 a multiple of 13?
False
Is 64 a factor of 2432?
True
Does 153 divide 37122?
False
Is 980 a multiple of 7?
True
Is 22 a factor of 858?
True
Is 21 a factor of 17283?
True
Is 13 a factor of 378?
False
Is 20 a factor of 6280?
True
Is 2149 a multiple of 89?
False
Does 122 divide 51484?
True
Does 43 divide 817?
True
Is 18 a factor of 944?
False
Is 60754 a multiple of 49?
False
Is 7 a factor of 490?
True
Is 67 a factor of 1476?
False
Does 10 divide 380?
True
Is 10 a factor of 10640?
True
Does 4 divide 13948?
True
Is 700 a multiple of 14?
True
Is 13 a factor of 114?
False
Is 6938 a multiple of 4?
False
Does 5 divide 185?
True
Does 50 divide 142163?
False
Is 18 a factor of 27625?
False
Does 19 divide 304?
True
Does 22 divide 1320?
True
Does 31 divide 1619?
False
Does 56 divide 253?
False
Is 35604 a multiple of 93?
False
Is 112 a factor of 5264?
True
Is 143 a factor of 20914?
False
Is 948 a multiple of 14?
False
Does 7 divide 1464?
False
Is 907 a multiple of 11?
False
Does 24 divide 6696?
True
Is 64224 a multiple of 36?
True
Does 70 divide 4633?
False
Does 17 divide 16422?
True
Does 76 divide 55596?
False
Does 120 divide 16162?
False
Does 62 divide 4445?
False
Does 2 divide 4196?
True
Is 35 a factor of 1015?
True
Is 10 a factor of 43170?
True
Is 15 a factor of 1295?
False
Is 2064 a multiple of 43?
True
Is 200 a factor of 50303?
False
Does 36 divide 612?
True
Is 98 a multiple of 14?
True
Does 31 divide 14632?
True
Does 14 divide 15513?
False
Is 22 a factor of 14960?
True
Is 2 a factor of 268?
True
Is 8 a factor of 79?
False
Is 163 a multiple of 30?
False
Is 1568 a multiple of 32?
True
Is 36 a factor of 11124?
True
Is 141 a factor of 3513?
False
Is 3 a factor of 69?
True
Is 8 a factor of 13808?
True
Is 88 a multiple of 8?
True
Does 25 divide 5839